ghest common divisor of 78 and 15418?
26
Calculate the highest common divisor of 32984 and 1364.
124
Calculate the highest common factor of 185 and 393680.
185
What is the highest common factor of 537 and 211220?
179
What is the greatest common factor of 159256 and 24?
8
What is the greatest common factor of 37673 and 1119?
373
What is the greatest common factor of 1620 and 761805?
405
Calculate the greatest common factor of 10 and 252370.
10
Calculate the highest common divisor of 18411 and 6579.
51
Calculate the greatest common divisor of 27579 and 57.
3
Calculate the greatest common divisor of 12528 and 144.
144
Calculate the highest common divisor of 42 and 166722.
6
What is the greatest common factor of 99 and 35981?
11
Calculate the greatest common divisor of 682 and 25358.
62
What is the greatest common divisor of 2115 and 405?
45
Calculate the highest common divisor of 3500 and 38444.
28
What is the highest common factor of 9189 and 2853?
9
Calculate the highest common divisor of 106 and 3086.
2
What is the highest common factor of 20072 and 1248?
104
What is the greatest common factor of 1090 and 44470?
10
What is the highest common divisor of 114 and 77550?
6
What is the highest common divisor of 105 and 109995?
15
Calculate the greatest common factor of 47 and 567478.
47
What is the highest common factor of 22402 and 26?
2
Calculate the greatest common divisor of 20584 and 72.
8
What is the highest common divisor of 137495 and 14980?
535
Calculate the greatest common divisor of 1131 and 61828.
377
What is the greatest common divisor of 3366 and 11407?
187
What is the greatest common factor of 1135 and 20203?
227
Calculate the highest common divisor of 1064 and 855608.
152
Calculate the greatest common factor of 969 and 7327.
17
Calculate the highest common divisor of 14 and 1848098.
14
What is the greatest common factor of 5599 and 264?
11
Calculate the greatest common factor of 114 and 193838.
38
What is the highest common factor of 53237 and 556?
139
What is the greatest common factor of 42532340 and 20?
20
What is the highest common divisor of 18034 and 3429?
127
What is the greatest common factor of 5664681 and 297?
297
Calculate the greatest common divisor of 687 and 22900.
229
Calculate the greatest common factor of 36 and 1093626.
18
What is the greatest common factor of 123175 and 10?
5
Calculate the highest common factor of 3636 and 377235.
909
Calculate the greatest common factor of 600 and 358080.
120
Calculate the greatest common divisor of 2844 and 468.
36
Calculate the greatest common divisor of 38 and 379943.
19
What is the highest common factor of 72 and 31173336?
72
What is the greatest common divisor of 49396 and 159?
53
What is the greatest common factor of 491575 and 75?
25
What is the greatest common divisor of 499 and 1895202?
499
Calculate the greatest common divisor of 126224 and 1029.
343
What is the greatest common divisor of 3146 and 949?
13
What is the greatest common divisor of 299 and 129467?
299
What is the highest common divisor of 764 and 32?
4
Calculate the greatest common factor of 26176 and 1227.
409
What is the greatest common factor of 42137 and 435900?
1453
Calculate the greatest common factor of 32482 and 53342.
298
Calculate the highest common factor of 20 and 149970.
10
Calculate the highest common divisor of 192995 and 1305.
145
Calculate the greatest common divisor of 246887 and 717.
239
Calculate the greatest common factor of 552 and 101448.
24
What is the greatest common divisor of 148610 and 193?
193
Calculate the highest common factor of 1293 and 207742.
431
Calculate the greatest common divisor of 6341 and 90266.
373
Calculate the greatest common factor of 14 and 25886.
14
What is the highest common factor of 39 and 33410?
13
Calculate the highest common factor of 284085 and 295.
295
What is the greatest common factor of 18 and 11496906?
18
Calculate the greatest common factor of 98 and 31402.
14
Calculate the highest common divisor of 642 and 316934.
214
Calculate the greatest common factor of 3434 and 2652.
34
Calculate the greatest common factor of 4446 and 627.
57
What is the highest common divisor of 208 and 67028?
52
What is the highest common factor of 300143 and 19?
19
What is the highest common divisor of 23 and 646760?
23
Calculate the highest common divisor of 75 and 249450.
75
Calculate the greatest common divisor of 14422 and 2.
2
What is the greatest common divisor of 930 and 138?
6
Calculate the highest common divisor of 1744978 and 566.
566
What is the highest common factor of 282104 and 40?
8
Calculate the greatest common factor of 271 and 2168.
271
Calculate the highest common divisor of 441 and 13545.
63
What is the greatest common factor of 138 and 483046?
46
Calculate the greatest common factor of 68600 and 30.
10
What is the greatest common divisor of 910 and 984490?
130
Calculate the highest common divisor of 5434 and 538954.
494
What is the greatest common factor of 713430 and 360?
90
Calculate the highest common divisor of 5356410 and 610.
610
What is the highest common factor of 208 and 286364?
52
What is the greatest common divisor of 945 and 130032?
189
What is the highest common divisor of 1776 and 504976?
592
Calculate the greatest common divisor of 343881 and 171.
171
What is the highest common factor of 24540 and 7560?
60
What is the highest common divisor of 1854 and 360?
18
What is the greatest common divisor of 18486 and 52?
26
What is the greatest common divisor of 80 and 126370?
10
What is the highest common factor of 36 and 3771?
9
What is the greatest common factor of 2702 and 28?
14
What is the greatest common factor of 73837 and 235?
47
Calculate the greatest common divisor of 3736 and 1077836.
1868
Calculate the highest common divisor of 5825 and 175.
25
Calculate the greatest common divisor of 236808 and 5577.
429
Calculate the highest common divisor of 456 and 822.
6
What is the highest common divisor of 146703 and 1659?
237
Calculate the greatest common divisor of 503672 and 208.
104
What is the highest common factor of 4251 and 819?
39
Calculate the highest common divisor of 165236 and 1616.
404
Calculate the highest common divisor of 63 and 155421.
63
What is the greatest common divisor of 513 and 29025?
27
Calculate the greatest common factor of 300 and 13850.
50
What is the greatest common factor of 2856971 and 26?
13
What is the highest common factor of 8 and 12392?
8
What is the greatest common factor of 1457 and 1891?
31
Calculate the highest common factor of 437060 and 130.
130
Calculate the greatest common factor of 48 and 39720.
24
Calculate the greatest common divisor of 16 and 83456.
16
Calculate the highest common factor of 280 and 4640.
40
Calculate the greatest common factor of 42770 and 420.
70
Calculate the greatest common divisor of 344 and 39112.
8
What is the highest common factor of 280 and 103460?
140
What is the greatest common factor of 19267255 and 511?
511
Calculate the highest common factor of 16605 and 738.
369
What is the highest common factor of 1755429 and 39?
39
Calculate the greatest common divisor of 5448 and 204.
12
What is the highest common factor of 417 and 17375?
139
Calculate the greatest common divisor of 350 and 24724.
14
Calculate the greatest common factor of 146 and 2984678.
146
Calculate the highest common divisor of 17 and 289.
17
Calculate the highest common divisor of 625 and 4350.
25
Calculate the highest common divisor of 17 and 562207.
17
What is the greatest common divisor of 181928 and 8?
8
What is the highest common divisor of 1357190 and 10?
10
What is the highest common factor of 5 and 577005?
5
Calculate the highest common divisor of 109445 and 35.
35
What is the highest common factor of 1356 and 1523692?
452
What is the highest common divisor of 3332 and 504084?
476
What is the greatest common factor of 49036 and 2665?
533
What is the highest common factor of 28841 and 123518?
151
What is the greatest common divisor of 152 and 362444?
76
Calculate the highest common divisor of 575062 and 12466.
542
What is the greatest common divisor of 237600 and 300?
300
Calculate the highest common factor of 20064 and 288.
96
Calculate the highest common divisor of 1039 and 15.
1
What is the